{"id":45,"date":"2018-12-13T21:13:37","date_gmt":"2018-12-13T21:13:37","guid":{"rendered":"https:\/\/www.intern-detektei.de\/?page_id=45"},"modified":"2023-02-04T17:39:46","modified_gmt":"2023-02-04T17:39:46","slug":"impressum","status":"publish","type":"page","link":"https:\/\/www.intern-detektei.de\/?page_id=45","title":{"rendered":"Impressum"},"content":{"rendered":"\n<p class=\"has-text-align-center has-medium-font-size\">INTERN Detektei und Sicherheits GmbH<br>Wei\u00dfe Riede 18<br>28816 Stuhr<\/p>\n\n\n\n<p class=\"has-text-align-left\">Registergericht: Amtsgericht Walsrode<br>Registernummer: HRB 110888<br>Vertretungsberechtigter Gesch\u00e4ftsf\u00fchrer:<br>Peter Koch<\/p>\n\n\n\n<p class=\"has-text-align-left has-medium-font-size\"><br><strong>Kontakt<\/strong><\/p>\n\n\n\n<p class=\"has-text-align-left\">Tel: +49 (0)421 801950<br>Fax: +49 (0)421 801971<br>Email: info(at)intern-detektei.de<\/p>\n\n\n\n<p class=\"has-text-align-left\"><\/p>\n\n\n\n<p class=\"has-text-align-left has-medium-font-size\"><strong>Umsatzsteuer-ID<\/strong><\/p>\n\n\n\n<p class=\"has-text-align-left\">Umsatzsteuer-Identifikationsnummer gem\u00e4\u00df \u00a7 27 a Umsatzsteuergesetz:<br>DE114417426<\/p>\n\n\n\n<p class=\"has-text-align-left\"><\/p>\n\n\n\n<p><\/p>\n\n\n\n<p><\/p>\n\n\n\n<p><\/p>\n","protected":false},"excerpt":{"rendered":"<p>INTERN Detektei und Sicherheits GmbHWei\u00dfe Riede 1828816 Stuhr Registergericht: Amtsgericht WalsrodeRegisternummer: HRB 110888Vertretungsberechtigter Gesch\u00e4ftsf\u00fchrer:Peter Koch Kontakt Tel: +49 (0)421 801950Fax: +49 (0)421 801971Email: info(at)intern-detektei.de Umsatzsteuer-ID Umsatzsteuer-Identifikationsnummer gem\u00e4\u00df \u00a7 27 a Umsatzsteuergesetz:DE114417426<\/p>\n","protected":false},"author":2,"featured_media":0,"parent":0,"menu_order":0,"comment_status":"closed","ping_status":"closed","template":"","meta":{"footnotes":""},"class_list":["post-45","page","type-page","status-publish","hentry"],"_links":{"self":[{"href":"https:\/\/www.intern-detektei.de\/index.php?rest_route=\/wp\/v2\/pages\/45","targetHints":{"allow":["GET"]}}],"collection":[{"href":"https:\/\/www.intern-detektei.de\/index.php?rest_route=\/wp\/v2\/pages"}],"about":[{"href":"https:\/\/www.intern-detektei.de\/index.php?rest_route=\/wp\/v2\/types\/page"}],"author":[{"embeddable":true,"href":"https:\/\/www.intern-detektei.de\/index.php?rest_route=\/wp\/v2\/users\/2"}],"replies":[{"embeddable":true,"href":"https:\/\/www.intern-detektei.de\/index.php?rest_route=%2Fwp%2Fv2%2Fcomments&post=45"}],"version-history":[{"count":3,"href":"https:\/\/www.intern-detektei.de\/index.php?rest_route=\/wp\/v2\/pages\/45\/revisions"}],"predecessor-version":[{"id":88,"href":"https:\/\/www.intern-detektei.de\/index.php?rest_route=\/wp\/v2\/pages\/45\/revisions\/88"}],"wp:attachment":[{"href":"https:\/\/www.intern-detektei.de\/index.php?rest_route=%2Fwp%2Fv2%2Fmedia&parent=45"}],"curies":[{"name":"wp","href":"https:\/\/api.w.org\/{rel}","templated":true}]}}